is 2 + -74?
-72
In base 16, what is ec + -20?
cc
In base 15, what is 5 - -16?
1b
In base 2, what is 1 + -11111?
-11110
In base 3, what is 12 + -2020?
-2001
In base 15, what is -59 - -6?
-53
In base 16, what is -4 + 2c5?
2c1
In base 9, what is 300 + 5?
305
In base 7, what is 5 - 1142?
-1134
In base 13, what is -2 - -248?
246
In base 3, what is 1122 - 10?
1112
In base 13, what is -320 + a?
-313
In base 7, what is 2 + -2423?
-2421
In base 8, what is 24 + 7?
33
In base 12, what is -14aa - 2?
-14b0
In base 2, what is 1 + -10010001?
-10010000
In base 3, what is -1221 - 100?
-2021
In base 15, what is 81d + 5?
823
In base 7, what is 16 - 25?
-6
In base 5, what is -11124 - 41?
-11220
In base 4, what is -10 + -103?
-113
In base 12, what is 3 - -161?
164
In base 8, what is -20 + 522?
502
In base 7, what is -3 - -232?
226
In base 7, what is -21 - 1604?
-1625
In base 8, what is -3 + -223?
-226
In base 12, what is 2211 + 9?
221a
In base 14, what is 45 - 0?
45
In base 4, what is -3 - -202301?
202232
In base 2, what is 1001001 - -1?
1001010
In base 13, what is 0 + -5b?
-5b
In base 6, what is -10134 + -5?
-10143
In base 12, what is -3 + -b?
-12
In base 3, what is 11 + 101012011?
101012022
In base 8, what is -1 + -32?
-33
In base 14, what is 15 - 0?
15
In base 16, what is -1 - 5?
-6
In base 2, what is -10000 - 10100110?
-10110110
In base 8, what is 572 + -2?
570
In base 2, what is 0 + -1011?
-1011
In base 10, what is -1 - 7410?
-7411
In base 3, what is -112 + 220120?
220001
In base 2, what is -10100110 + 110?
-10100000
In base 3, what is -1 + -21100102?
-21100110
In base 12, what is 2b1 + -9?
2a4
In base 8, what is -5 + 271?
264
In base 14, what is 0 + 58?
58
In base 16, what is -3c + -6d?
-a9
In base 10, what is -1 + 87?
86
In base 3, what is 1022100 + 1?
1022101
In base 6, what is -2 - 323?
-325
In base 14, what is -2 + 166?
164
In base 16, what is e - 34?
-26
In base 16, what is 2 - 4?
-2
In base 2, what is 101 + 10000010110?
10000011011
In base 10, what is 4 - 540?
-536
In base 11, what is a4 - -4?
a8
In base 5, what is 324 + 30?
404
In base 14, what is 20 - -14?
34
In base 3, what is -1011122001 - 2?
-1011122010
In base 11, what is -267 - 10?
-277
In base 10, what is 22 - -554?
576
In base 6, what is -2 + 24201?
24155
In base 2, what is -1111101010 + 1?
-1111101001
In base 13, what is 0 - 77?
-77
In base 8, what is 264 - 3?
261
In base 2, what is 10 + 100101?
100111
In base 3, what is -1020 + 12122?
11102
In base 5, what is -2440 - -3?
-2432
In base 7, what is 4 + -1561?
-1554
In base 3, what is -10 + 210111?
210101
In base 12, what is 371 - -1?
372
In base 3, what is 210 - 12?
121
In base 16, what is -5 - 61?
-66
In base 14, what is -1b9a + 3?
-1b97
In base 2, what is 101 - 11111000?
-11110011
In base 13, what is 3 - -115?
118
In base 3, what is 1110 - -1020022?
1021202
In base 4, what is 11 + -13322?
-13311
In base 9, what is 30 - -15?
45
In base 9, what is 2 - 4?
-2
In base 4, what is 103321 - 2?
103313
In base 2, what is 11110 - 10011?
1011
In base 6, what is -5 + -534?
-543
In base 5, what is -11 + 0?
-11
In base 10, what is 57 - 220?
-163
In base 6, what is -31 + 44?
13
In base 10, what is 8 - -44?
52
In base 12, what is -1 + -94?
-95
In base 14, what is 5 + 22?
27
In base 14, what is 253 + -9?
248
In base 14, what is 4 + 48?
4c
In base 16, what is 31 - -1?
32
In base 9, what is 13526 + -4?
13522
In base 6, what is -13212 - 3?
-13215
In base 5, what is -2 + -121?
-123
In base 6, what is -422 + 5?
-413
In base 16, what is 2 - 328?
-326
In base 14, what is 3 - -225?
228
In base 4, what is 10 + -311?
-301
In base 13, what is -2 + -c98?
-c9a
In base 11, what is -211 + -24?
-235
In base 13, what is -5 - 55?
-5a
In base 10, what is 2 - -75?
77
In base 16, what is 62 + -62?
0
In base 7, what is -3 + 111?
105
In base 12, what is 5 - -243?
248
In base 6, what is -2 - 3202?
-3204
In base 15, what is -33 + -e0?
-123
In base 4, what is -20 - 121?
-201
In base 10, what is 16 + 95?
111
In base 11, what is -7 + 9?
2
In base 6, what is -5 - -4203?
4154
In base 6, what is -13 - 102?
-115
In base 5, what is -13 + -1032?
-1100
In base 13, what is -2 - -226?
224
In base 11, what is -131 + -1?
-132
In base 16, what is 7e4 - -4?
7e8
In base 9, what is -1 + -51?
-52
In base 8, what is -73 - -3?
-70
In base 16, what is -1 + aa0?
a9f
In base 12, what is b - a0?
-91
In base 4, what is -10 + -12?
-22
In base 15, what is -2 - -c?
a
In base 12, what is 5 - -665?
66a
In base 2, what is -1001111 - 0?
-1001111
In base 7, what is -3 - -14?
11
In base 3, what is -102211 + -10?
-102221
In base 5, what is 420 - 10?
410
In base 11, what is -16 - -810?
7a5
In base 8, what is -5 - -516?
511
In base 9, what is 38 - 1?
37
In base 15, what is -a8 + -1?
-a9
In base 6, what is 0 + 54?
54
In base 8, what is -2501 - 4?
-2505
In base 5, what is 1043231 - 4?
1043222
In base 13, what is 1a + -13?
7
In base 5, what is 10 - 2204?
-2144
In base 8, what is 25 - 32?
-5
In base 5, what is -13 - -13343?
13330
In base 13, what is 3 + 575?
578
In base 13, what is -5 + -18?
-20
In base 11, what is 5 - 67?
-62
In base 8, what is 2127 - 7?
2120
In base 3, what is -11 - 212121?
-212202
In base 12, what is -3 + 1402?
13bb
In base 10, what is 1682 - 4?
1678
In base 7, what is 1616 - -4?
1623
In base 3, what is 110 + 1000?
1110
In base 8, what is 4 - 5354?
-5350
In base 3, what is -101 + -200?
-1001
In base 10, what is 3 - 433?
-430
In base 3, what is 110102020 - -11?
110102101
In base 9, what is -182 - -18?
-163
In base 6, what is -34 + -10?
-44
In base 4, what is -23 + -122233?
-122322
In base 9, what is 0 - 581?
-581
In base 5, what is -14 - 12?
-31
In base 14, what is 4 + -22?
-1c
In base 12, what is -2576 + 5?
-2571
In base 6, what is 100 - -2?
102
In base 13, what is 200 + 26?
226
In base 10, what is 3 - 222?
-219
In base 15, what is -1 - -1a59?
1a58
In base 8, what is -104 - -25?
-57
In base 13, what is 6 + 952?
958
In base 3, what is 122 + 12?
211
In base 3, what is 20 + -12201?
-12111
In base 12, what is 41 + 0?
41
In base 2, what is 100 + 10010?
10110
In base 9, what is 30 + -15?
14
In base 16, what is 1 + 14?
15
In base 9, what is 1585 - 4?
1581
In base 3, what is -12 - 122002?
-122021
In base 15, what is 1b91 + 1?
1b92
In base 3, what is 1 - -2022?
2100
In base 2, what is -10000001101 - 11?
-10000010000
In base 3, what is -20102 + 1?
-20101
In base 11, what is 4 + -41?
-38
In base 7, what is 12 + 106?
121
In base 15, what is -4 + -17a?
-17e
In base 4, what is 1 + 12?
13
In base 13, what is 3 - -8a6?
8a9
In base 12, what is 1 + 2b6?
2b7
In base 2, what is 0 + -11011000?
-11011000
In base 16, what is -f + 1f?
10
In base 9, what is 143 + 1?
144
In base 10, what is 0 - 252?
-252
In base 6, what is -534 - -45?
-445
In base 12, what is 11 - 26?
-15
In base 16, what is -9 + -d0?
-d9
In base 10, what is -5 - -26?
21
In base 8, what is -27 + -105?
-134
In base 7, what is 2 + -535?
-533
In base 6, what is 5114 - -1?
5115
In base 14, what is 5 - -a33?
a38
In base 12, what is b + 415?
424
In base 8, what is -7172 + 5?
-7165
In base 5, what is -11 - 10114?
-10130
In base 11, what is -12 - 12?
-24
In base 9, what is 58 - -48?
117
In base 3, what is -10 - 2?
-12
In base 16, what is 6c + 3b?
a7
In base 5, what is -10 - -13201?
13141
In base 12, what is -70 - 2?
-72
In base 16, what is 5 - -41?
46
In base 3, what is -12 + 1220120?
1220101
In base 10, what is -35 - 627?
-662
In base 8, what is -14 - 13?
-27
In base 3, what is -2010112 + 10?
-2010102
In base 5, what is -24 + 11302?
11223
In base 4, what is -2101 + -3?
-2110
In base 12, what is 895 + -4?
891
In base 4, what is 310 + 213?
1123
In base 5, what is 0 - -214?
214
In base 13, what is 1 - -892?
893
In base 11, what is 466 - 9?
458
In base 9, what is -1 + 446?
445
In base 8, what is 1314 - -3?
1317
In base 9, what is 26 - 10?
16
In base 2, what is 10100110101 + -100?
10100110001
In base 5, what is 10310 + -13?
10242
In base 10, what is 5 - -34?
39
In base 13, what is cc + 5?
104
In base 2, what is -10100010 + 0?
-10100010
In base 11, what is -35 + -7?
-41
In base 13, what is -29 + 2?
-27
In base 5, what is -10 + -20031?
-20041
In base 8, what is 5 - 405?
-400
In base 12, what is 8 - 17b3?
-17a7
In base 3, what is -1112 + -20?
-1202
In base 14, what is -2ca +